 What is the tens digit of n?
2
Let b(z) = 5*z. Let r be b(3). Suppose -3*i + r = 9. Suppose -31 = -d + i. What is the tens digit of d?
3
Let i(w) = -67*w - 28. What is the units digit of i(-16)?
4
Let q be -20*(-2)/(10 + -2). Suppose -3*g + 0*g + q*s + 115 = 0, 2*g + 5*s = 35. What is the tens digit of g?
3
Let z = 59 - 4. Let h = -34 + z. What is the units digit of h?
1
Suppose 101*k + 40153 = 300632. What is the thousands digit of k?
2
Let x = -3 + -32. Let l = -22 - x. Suppose 29 = 2*w - l. What is the units digit of w?
1
Let f be ((-12)/(-8))/((-2)/(-4)). Let a = 21 - 21. Suppose 3*m + 2*d + 69 = 175, f*m - 5*d - 134 = a. What is the units digit of m?
8
Suppose 2*b + 2*r - 234 - 176 = 0, -2*r = 3*b - 616. Suppose 6*g = b + 622. What is the tens digit of g?
3
Let n be -16*(6/3)/(-2). Let k = -45 + 38. Let c = k + n. What is the units digit of c?
9
Let f(j) = -j**3 + 4*j**2 + 5*j + 3. Let w be f(5). Suppose -2 - 40 = -w*c. Let d = 28 - c. What is the units digit of d?
4
Suppose -4*w + 130 = -30. What is the tens digit of ((-15)/2)/(-3 + 114/w)?
5
Let h = -11 - -18. Suppose 0 = -0*d - 3*d + 36. Let s = h + d. What is the tens digit of s?
1
Let x = -1158 - -1209. What is the units digit of x?
1
Let a = -375 + 749. Suppose -4*q + a = 2*s, -s = -3*s - 2*q + 374. What is the units digit of s?
7
Let s(r) be the third derivative of r**4/8 + 17*r**3/6 + 2*r**2. Let k be s(-5). Suppose z = -k*z + 120. What is the tens digit of z?
4
Let n = 126 + -126. Suppose -5*i + 5 = n, -3*i + 0*i + 613 = 5*x. What is the tens digit of x?
2
Let l(v) = 7 - 4 - 3*v**3 - 6*v**2 + 10*v**2 + 4*v**3. Let f be l(-4). Suppose 0 = -f*j + 5*w + 79, j + 3*w = 2*j - 29. What is the tens digit of j?
2
Let g = -4877 + 8133. What is the units digit of g/72 + (-2)/9?
5
Let m = 16 - -22. Suppose -3*v - 3*x = -69, 4*x + 2 = 2*v - m. What is the units digit of 4*9/24*v?
3
Let h(y) = y - 2. Let n(b) = -94*b - 18. Let j(d) = h(d) + n(d). What is the units digit of j(-2)?
6
Let b(v) = 2*v + 13. Let p = 63 + -49. What is the units digit of b(p)?
1
Let r be (-1)/(-5) + (-27)/(-15). Suppose -4*h + r*h = -8. Suppose -44 = -h*z - 12. What is the units digit of z?
8
Suppose 0*b - 6 = -2*b. Let w(g) = -g**3 + g**2 - 1. Let d be w(b). What is the tens digit of d*(-3)/6*2?
1
Let h = -483 + 898. What is the tens digit of h?
1
Suppose 0*x + 2*x = 3*s - 3, -4*x + 18 = 2*s. Suppose -4*c + x*l = l + 98, -4*c = l + 95. What is the units digit of ((-8)/c)/((-2)/(-162))?
7
Let t = 1103 - 1011. What is the tens digit of t?
9
Suppose -2*p - 6*t + 7*t = -3593, 5*t - 3587 = -2*p. What is the hundreds digit of p?
7
Let v be (5/(-10))/(4/312). Let l = -33 - v. What is the units digit of l?
6
Suppose 0 = -25*q + 26*q - 325. Suppose 3*w + 483 = 3*r, 2*r + w - 4*w = q. What is the units digit of r?
8
Suppose 122*p - 120*p = -3*f + 512, 3*p + 2*f - 773 = 0. What is the tens digit of p?
5
Suppose 2*k - 4*c - 13 = -7*c, c - 9 = 4*k. What is the hundreds digit of 4/((-8)/6) + (136 - k)?
1
Let m(g) = -g - 3. Let w be m(-5). Suppose w*t = -2*q - 0*t, -q = -3*t - 20. Suppose 2*y = q*y - 18. What is the units digit of y?
6
Suppose 10*l + 33 = -7. What is the units digit of (-1 - -178) + (-6 - 16/l)?
5
Suppose -2*i + 5 - 7 = 0, -836 = -a + i. What is the units digit of a?
5
Let v(s) = -16*s + 12. Let u be v(-7). Suppose 0*y + 2*y = u. What is the tens digit of y?
6
Suppose 2*z - 5*z - 5*x = -9, -2*z = x - 13. Suppose -5*j + z + 37 = 0. What is the units digit of j?
9
Let h(o) = -9*o - 4. Let b be h(-3). Let p = -229 + 227. Let y = b - p. What is the tens digit of y?
2
Let k = -450 + 1809. What is the hundreds digit of k?
3
Let j = 61 - 32. Let x be j*-3*(-4)/12. Suppose 0 = -4*m + 3*m - 5*f + x, m + 2*f = 29. What is the units digit of m?
9
Suppose -3*f + 9 = 2*h, 0*h - 13 = 2*f - 5*h. Let o = 87 - f. What is the units digit of o?
6
Suppose 3*k - 5*d = 3537, k - 436 - 741 = d. What is the thousands digit of k?
1
Let x = 37 - 39. Let z(g) be the second derivative of -g**5/5 + g**3/3 + g**2 - 2*g. What is the tens digit of z(x)?
3
Let l(i) = 72*i**2 + 10*i - 10. What is the units digit of l(6)?
2
Let z be 1/(-2)*2 + 4. Suppose z*a = 4*a - 4. Suppose -a*k + m = -182, k + 2*m - m = 43. What is the units digit of k?
5
Let g(v) = -33*v - 14. Let y be g(-9). Let h = y - 158. What is the hundreds digit of h?
1
Suppose 45*t = 49*t - 376. What is the tens digit of 2*(-4)/(-16)*t?
4
Let r = -83 + 112. Let i = r + 75. What is the units digit of i?
4
Let p(z) be the third derivative of z**4/4 - 5*z**3/6 + 3*z**2. Let r be p(4). Suppose 5*w - 103 = -0*d - d, w - r = -d. What is the tens digit of w?
2
Let x(b) = -b**2 + 8*b + 1. Suppose -s = -9*s + 24. What is the units digit of x(s)?
6
Suppose s = 2*g - 914, 3*g + 2*s + 52 = 1423. What is the units digit of g?
7
Let u(f) be the second derivative of f**5/10 - f**4/6 - f**3 + 5*f**2/2 + f. What is the units digit of u(3)?
3
What is the units digit of 6375/12 - (4 + (-38)/8)?
2
Let w be 5 + 7/((-28)/8). Suppose w*b = -61 + 490. What is the hundreds digit of b?
1
Let g(x) = -x - 1. Let z = 18 + -13. Let m(b) = 3*b - 8. Let j(h) = z*g(h) - m(h). What is the tens digit of j(-2)?
1
Suppose -3*u + 10 = t, 0 = 2*t - t - 4. Suppose 4*v + 8 = 0, -u*v + 0*v = 3*k - 101. What is the units digit of k?
5
Suppose 8928 = 17*v + v. What is the tens digit of v?
9
Suppose i - 5 = 0, 835 = 5*p - 5*i - 1120. What is the hundreds digit of p?
3
Suppose 5*w = 4*u - u + 5, -31 = -4*w - 3*u. Suppose r = -w*r + 50. Suppose s - r = -2. What is the units digit of s?
8
Let o = -65 - -67. What is the tens digit of ((-4)/1)/o - -69?
6
Let p = 117 - -325. What is the tens digit of p?
4
What is the tens digit of (4/(-5))/((-12)/510)?
3
Let x be ((-21)/(-2))/((-3)/(-8)). Let g = 23 - 21. Suppose 0 = 2*r + g*r - x. What is the units digit of r?
7
Let z(y) = y**3 - 4*y**2 - 7*y + 6. Let h be z(6). Suppose 6*v = 2*v + h. Let c(b) = 4*b - 12. What is the units digit of c(v)?
4
Let f(z) = -z + 0*z + 4 - 2*z + 7. Let p(b) = -3*b + 12. Let u(n) = 5*f(n) - 4*p(n). What is the units digit of u(-13)?
6
Suppose -176 = 12*v - 4*v. Let r be (-2)/4 + 39/(-2). Let p = r - v. What is the units digit of p?
2
What is the hundreds digit of 1/(-1)*(1 + -8) + 3342?
3
Let o(n) = -258*n - 11. Let m = 123 + -124. What is the tens digit of o(m)?
4
Let o(d) = -d + 677. Let s be o(0). Suppose -2*b = -5*k + s, -4*b + 538 = 4*k - 2*b. Suppose -k = -4*r + g, -g - 3 = -0*g. What is the tens digit of r?
3
Let f be 3 + 2*(-2 - -1). Let c(z) = 38*z - z**3 - 1 - f - 5*z**2 - 41*z. What is the tens digit of c(-5)?
1
Suppose 136 = -3*u + u. Suppose 0 = 5*g - 16*g + 1089. Let l = u + g. What is the units digit of l?
1
Suppose 0 = -45*w + 48*w - 324. Suppose 17*u - 3644 = -w. What is the tens digit of u?
0
Let s(c) = 7*c**2 - 2 + 8*c**2 - 5*c**2 - 2 - 4*c. What is the units digit of s(3)?
4
Suppose 0 = -52*v + 50*v + 756. What is the tens digit of v?
7
Suppose w = -5*o - 7, -o - 14 = -2*w - 2*w. Suppose -3*b = -3*p + 207, 7*p = w*p + 3*b + 279. What is the units digit of p?
2
Let m = -1293 - -2019. What is the tens digit of m?
2
Let n(k) = -k**2 + 19*k + 82. What is the tens digit of n(20)?
6
Let w = -320 + 455. Let l = w + -120. What is the units digit of l?
5
Let g = 278 - 273. Suppose l - 4 + 0 = 0. Suppose -63 = -2*s - u, -4*s + 3*s + l = -g*u. What is the tens digit of s?
2
Let g = -780 + 1307. What is the units digit of g?
7
Suppose -4*y = 2*i - 956, -i + 88 + 149 = y. What is the tens digit of y?
4
Let f be -3*((3 - 0) + -1). Let o be -17 - (-4)/f*3. Let p = o - -58. What is the units digit of p?
9
Suppose 4*m + 4*l - 7 = -l, 4*l - 8 = -4*m. Suppose -2*y - m*y + 530 = 0. Suppose -58 = -2*p + y. What is the units digit of p?
2
Suppose 5*q = -2*c + 1734 + 1366, 4640 = 3*c + 5*q. What is the tens digit of c?
4
Let i = -351 + 381. What is the units digit of i?
0
Let u(v) = v**2 + 6*v - 5. Let a be u(-5). Let j = 10 + a. Suppose 0*y - 5*y + 110 = j. What is the units digit of y?
2
Let c(k) = -4*k - 41. Let y(w) = 7*w + 83. Let n(t) = 5*c(t) + 3*y(t). What is the units digit of n(0)?
4
Suppose 0 = 12*u - 2*u - 8220. Suppose 4*y + u = 10*y. What is the units digit of y?
7
Let y(w) = w**3 - 4*w**2 + 10*w + 5. What is the hundreds digit of y(10)?
7
Let 